{"id":118,"date":"2024-09-09T14:29:56","date_gmt":"2024-09-09T12:29:56","guid":{"rendered":"https:\/\/kinesiologue-bebe-enfant-78.fr\/?page_id=118"},"modified":"2025-09-25T18:44:23","modified_gmt":"2025-09-25T16:44:23","slug":"a-propos","status":"publish","type":"page","link":"https:\/\/kinesiologue-bebe-enfant-78.fr\/index.php\/a-propos\/","title":{"rendered":"\u00c0 propos"},"content":{"rendered":"<p>[et_pb_section fb_built=&#8221;1&#8243; admin_label=&#8221;Header &#038; About&#8221; _builder_version=&#8221;4.20.0&#8243; _module_preset=&#8221;default&#8221; custom_padding=&#8221;3px|||||&#8221; hover_enabled=&#8221;0&#8243; collapsed=&#8221;on&#8221; global_colors_info=&#8221;{}&#8221; sticky_enabled=&#8221;0&#8243;][et_pb_row _builder_version=&#8221;4.27.0&#8243; _module_preset=&#8221;default&#8221; width=&#8221;64%&#8221; module_alignment=&#8221;center&#8221; global_colors_info=&#8221;{}&#8221; custom_margin=&#8221;|-78px||-140px||&#8221;][et_pb_column type=&#8221;4_4&#8243; _builder_version=&#8221;4.27.0&#8243; _module_preset=&#8221;default&#8221; global_colors_info=&#8221;{}&#8221;][et_pb_text _builder_version=&#8221;4.27.4&#8243; _module_preset=&#8221;704eaab6-16e0-4b8a-873b-e93b243275cd&#8221; custom_margin=&#8221;||10px||false|false&#8221; hover_enabled=&#8221;0&#8243; global_colors_info=&#8221;{}&#8221; sticky_enabled=&#8221;0&#8243;]<\/p>\n<h2 style=\"text-align: center;\">Bonjour, je suis Aur\u00e9lie H\u00e9rault, <br \/>une femme, une maman, <br \/>une kin\u00e9siologue.<\/h2>\n<p>&nbsp;<\/p>\n<p>[\/et_pb_text][et_pb_image src=&#8221;http:\/\/kinesiologue-bebe-enfant-78.fr\/wp-content\/uploads\/2024\/09\/Aurelie-Herault-Kinesiologie.webp&#8221; title_text=&#8221;Aur\u00e9li\u00e9-Herault-Kinesiologie&#8221; _builder_version=&#8221;4.27.4&#8243; _module_preset=&#8221;default&#8221; hover_enabled=&#8221;0&#8243; global_colors_info=&#8221;{}&#8221; width=&#8221;35%&#8221; max_width=&#8221;36%&#8221; sticky_enabled=&#8221;0&#8243; align=&#8221;center&#8221;][\/et_pb_image][et_pb_text _builder_version=&#8221;4.27.0&#8243; _module_preset=&#8221;ce5c8d9e-c5d7-4ed3-a5e2-1e48803d4e75&#8243; text_orientation=&#8221;justified&#8221; global_colors_info=&#8221;{}&#8221;]<\/p>\n<p>Ce qui fait ma singularit\u00e9 en tant que kin\u00e9siologue, c&#8217;est ma capacit\u00e9 \u00e0 offrir un accompagnement profond\u00e9ment personnalis\u00e9 et bienveillant, adapt\u00e9 \u00e0 chaque \u00e9tape de votre vie. Que vous soyez en qu\u00eate de s\u00e9r\u00e9nit\u00e9 pour vous-m\u00eame, en attente d\u2019un enfant, ou que vous traversiez des d\u00e9fis familiaux ou personnels, je suis l\u00e0 pour vous guider vers un \u00e9quilibre \u00e9motionnel et physique.<\/p>\n<p>[\/et_pb_text][\/et_pb_column][\/et_pb_row][et_pb_row _builder_version=&#8221;4.20.0&#8243; _module_preset=&#8221;default&#8221; global_colors_info=&#8221;{}&#8221;][et_pb_column type=&#8221;4_4&#8243; _builder_version=&#8221;4.20.0&#8243; _module_preset=&#8221;default&#8221; global_colors_info=&#8221;{}&#8221;][et_pb_text _builder_version=&#8221;4.27.0&#8243; _module_preset=&#8221;63741a61-6d0c-4aef-942c-d55e2a52cc77&#8243; header_4_font=&#8221;Cormorant Garamond|700||on|||||&#8221; header_4_font_size=&#8221;15px&#8221; header_4_line_height=&#8221;1.5em&#8221; custom_margin=&#8221;||10px||false|false&#8221; hover_enabled=&#8221;0&#8243; global_colors_info=&#8221;{}&#8221; sticky_enabled=&#8221;0&#8243;]<\/p>\n<h4>Ma mission : vous aider \u00e0 retrouver \u00e9quilibre et s\u00e9r\u00e9nit\u00e9<\/h4>\n<p>[\/et_pb_text][et_pb_text _builder_version=&#8221;4.27.0&#8243; _module_preset=&#8221;ce5c8d9e-c5d7-4ed3-a5e2-1e48803d4e75&#8243; text_font=&#8221;Cormorant Garamond||||||||&#8221; text_font_size=&#8221;20px&#8221; global_colors_info=&#8221;{}&#8221;]<\/p>\n<p><strong>Ma mission est de vous accompagner avec bienveillance et expertise, \u00e0 travers chaque moment crucial de votre vie<\/strong>. Que vous soyez en grossesse, en parcours de PMA, confront\u00e9 \u00e0 des d\u00e9fis personnels, ou que vous souhaitiez surmonter des tensions \u00e9motionnelles et physiques, je propose des solutions concr\u00e8tes et adapt\u00e9es.<\/p>\n<p>Voici quelques exemples de r\u00e9sultats que vous pouvez attendre de mes s\u00e9ances :<\/p>\n<p>[\/et_pb_text][et_pb_blurb title=&#8221;Gestion \u00e9motionnelle pour les personnes hypersensibles&#8221; use_icon=&#8221;on&#8221; font_icon=&#8221;&#xf4be;||fa||900&#8243; icon_placement=&#8221;left&#8221; _builder_version=&#8221;4.27.0&#8243; _module_preset=&#8221;default&#8221; header_font=&#8221;Cormorant Garamond|700|||||||&#8221; header_font_size=&#8221;20px&#8221; body_font=&#8221;Cormorant Garamond||||||||&#8221; body_font_size=&#8221;20px&#8221; body_line_height=&#8221;1.8em&#8221; global_colors_info=&#8221;{}&#8221;]<\/p>\n<p>Apaiser les \u00e9motions intenses, calmer les peurs inexpliqu\u00e9es, et renforcer la confiance en soi.<\/p>\n<p>[\/et_pb_blurb][et_pb_blurb title=&#8221;Bien-\u00eatre physique et \u00e9motionnel pour vous et vos proches&#8221; use_icon=&#8221;on&#8221; font_icon=&#8221;&#xf4be;||fa||900&#8243; icon_placement=&#8221;left&#8221; _builder_version=&#8221;4.27.0&#8243; _module_preset=&#8221;default&#8221; header_font=&#8221;Cormorant Garamond|700|||||||&#8221; header_font_size=&#8221;20px&#8221; body_font=&#8221;Cormorant Garamond||||||||&#8221; body_font_size=&#8221;20px&#8221; body_line_height=&#8221;1.8em&#8221; global_colors_info=&#8221;{}&#8221;]<\/p>\n<p>R\u00e9duire le stress, les tensions physiques et restaurer un \u00e9quilibre au quotidien.<\/p>\n<p>[\/et_pb_blurb][et_pb_blurb title=&#8221;S\u00e9r\u00e9nit\u00e9 retrouv\u00e9e pour les futures mamans et femmes en parcours PMA&#8221; use_icon=&#8221;on&#8221; font_icon=&#8221;&#xf4be;||fa||900&#8243; icon_placement=&#8221;left&#8221; _builder_version=&#8221;4.27.0&#8243; _module_preset=&#8221;default&#8221; header_font=&#8221;Cormorant Garamond|700|||||||&#8221; header_font_size=&#8221;20px&#8221; body_font=&#8221;Cormorant Garamond||||||||&#8221; body_font_size=&#8221;20px&#8221; body_line_height=&#8221;1.8em&#8221; global_colors_info=&#8221;{}&#8221;]<\/p>\n<p>Soulager le stress, l\u2019anxi\u00e9t\u00e9 et retrouver une paix int\u00e9rieure, m\u00eame dans les moments de doute.<\/p>\n<p>[\/et_pb_blurb][et_pb_text _builder_version=&#8221;4.27.0&#8243; _module_preset=&#8221;63741a61-6d0c-4aef-942c-d55e2a52cc77&#8243; header_4_font=&#8221;Cormorant Garamond|700||on|||||&#8221; header_4_font_size=&#8221;15px&#8221; header_4_line_height=&#8221;1.5em&#8221; custom_margin=&#8221;||10px||false|false&#8221; global_colors_info=&#8221;{}&#8221;]<\/p>\n<h4>Ma philosphie : une approche sur mesure, pour chaque \u00e9tape de la vie<\/h4>\n<p>[\/et_pb_text][et_pb_text _builder_version=&#8221;4.27.0&#8243; _module_preset=&#8221;ce5c8d9e-c5d7-4ed3-a5e2-1e48803d4e75&#8243; text_font=&#8221;Cormorant Garamond||||||||&#8221; text_font_size=&#8221;20px&#8221; global_colors_info=&#8221;{}&#8221;]<\/p>\n<p>Ma pratique ne se limite pas uniquement aux enfants et aux parents. J\u2019accompagne \u00e9galement les femmes dans des parcours de PMA, les mamans solo et toutes celles qui ressentent le besoin d\u2019un soutien face aux difficult\u00e9s \u00e9motionnelles et aux transitions importantes de leur vie.<\/p>\n<p>[\/et_pb_text][et_pb_text _builder_version=&#8221;4.27.0&#8243; _module_preset=&#8221;63741a61-6d0c-4aef-942c-d55e2a52cc77&#8243; header_4_font=&#8221;Cormorant Garamond|700||on|||||&#8221; header_4_font_size=&#8221;15px&#8221; header_4_line_height=&#8221;1.5em&#8221; custom_margin=&#8221;||10px||false|false&#8221; global_colors_info=&#8221;{}&#8221;]<\/p>\n<h4>Kin\u00e9siologue<\/h4>\n<p>[\/et_pb_text][et_pb_text _builder_version=&#8221;4.27.0&#8243; _module_preset=&#8221;ce5c8d9e-c5d7-4ed3-a5e2-1e48803d4e75&#8243; text_font=&#8221;Cormorant Garamond||||||||&#8221; text_font_size=&#8221;20px&#8221; global_colors_info=&#8221;{}&#8221;]<\/p>\n<p>Sp\u00e9cialis\u00e9e dans l&#8217;accompagnement des familles, des enfants, et des futures mamans. Mon parcours personnel et professionnel m&#8217;a permis de d\u00e9velopper une approche profond\u00e9ment bienveillante et holistique, enti\u00e8rement d\u00e9di\u00e9e \u00e0 l\u2019\u00e9quilibre et au bien-\u00eatre de chaque membre de la famille.<\/p>\n<p>[\/et_pb_text][et_pb_text _builder_version=&#8221;4.27.0&#8243; _module_preset=&#8221;63741a61-6d0c-4aef-942c-d55e2a52cc77&#8243; header_4_font=&#8221;Cormorant Garamond|700||on|||||&#8221; header_4_font_size=&#8221;15px&#8221; header_4_line_height=&#8221;1.5em&#8221; custom_margin=&#8221;||10px||false|false&#8221; global_colors_info=&#8221;{}&#8221;]<\/p>\n<h4>Mon parcours : de la performance \u00e0 la bienveillance<br \/>\n<\/h4>\n<p>[\/et_pb_text][et_pb_text _builder_version=&#8221;4.27.0&#8243; _module_preset=&#8221;ce5c8d9e-c5d7-4ed3-a5e2-1e48803d4e75&#8243; text_font=&#8221;Cormorant Garamond||||||||&#8221; text_font_size=&#8221;20px&#8221; global_colors_info=&#8221;{}&#8221;]<\/p>\n<p>J&#8217;ai d\u00e9but\u00e9 ma carri\u00e8re dans des milieux tr\u00e8s exigeants, comme la danse classique et le secteur de la mode, o\u00f9 l&#8217;importance est souvent mise sur la performance et l\u2019apparence ext\u00e9rieure. Ces environnements m\u2019ont appris la rigueur, mais j\u2019ai vite ressenti un d\u00e9s\u00e9quilibre profond. \u00c0 force de focaliser sur l\u2019ext\u00e9rieur, j\u2019en oubliais l\u2019essentiel : le bien-\u00eatre int\u00e9rieur.<\/p>\n<p>C\u2019est alors que j\u2019ai d\u00e9couvert la kin\u00e9siologie, une v\u00e9ritable r\u00e9v\u00e9lation. Cette m\u00e9thode m\u2019a permis de me reconnecter \u00e0 moi-m\u00eame, de retrouver l&#8217;\u00e9quilibre entre le corps et l\u2019esprit, et de prendre conscience de l&#8217;importance de cet \u00e9quilibre dans notre vie quotidienne.<\/p>\n<p>Ce d\u00e9clic s\u2019est renforc\u00e9 lorsque je suis devenue maman. J\u2019ai r\u00e9alis\u00e9 \u00e0 quel point il est crucial de prendre soin de soi pour pouvoir prendre soin des autres.<\/p>\n<p>[\/et_pb_text][\/et_pb_column][\/et_pb_row][\/et_pb_section]<\/p>\n","protected":false},"excerpt":{"rendered":"<p>Bonjour, je suis Aur\u00e9lie H\u00e9rault, une femme, une maman, une kin\u00e9siologue. &nbsp;Ce qui fait ma singularit\u00e9 en tant que kin\u00e9siologue, c&#8217;est ma capacit\u00e9 \u00e0 offrir un accompagnement profond\u00e9ment personnalis\u00e9 et bienveillant, adapt\u00e9 \u00e0 chaque \u00e9tape de votre vie. Que vous soyez en qu\u00eate de s\u00e9r\u00e9nit\u00e9 pour vous-m\u00eame, en attente d\u2019un enfant, ou que vous traversiez [&hellip;]<\/p>\n","protected":false},"author":1,"featured_media":0,"parent":0,"menu_order":0,"comment_status":"closed","ping_status":"closed","template":"","meta":{"_et_pb_use_builder":"on","_et_pb_old_content":"","_et_gb_content_width":"","inline_featured_image":false,"footnotes":""},"class_list":["post-118","page","type-page","status-publish","hentry"],"yoast_head":"<!-- This site is optimized with the Yoast SEO plugin v24.0 - https:\/\/yoast.com\/wordpress\/plugins\/seo\/ -->\n<title>\u00c0 propos - Aur\u00e9lie H\u00e9rault - Kin\u00e9siologue<\/title>\n<meta name=\"description\" content=\"D\u00e9couvrez sa passion pour le bien-\u00eatre familial et son approche bienveillante pour accompagner les enfants vers un meilleur \u00e9quilibre \u00e9motionnel.\" \/>\n<meta name=\"robots\" content=\"index, follow, max-snippet:-1, max-image-preview:large, max-video-preview:-1\" \/>\n<link rel=\"canonical\" href=\"https:\/\/kinesiologue-bebe-enfant-78.fr\/index.php\/a-propos\/\" \/>\n<meta property=\"og:locale\" content=\"en_US\" \/>\n<meta property=\"og:type\" content=\"article\" \/>\n<meta property=\"og:title\" content=\"\u00c0 propos - Aur\u00e9lie H\u00e9rault - Kin\u00e9siologue\" \/>\n<meta property=\"og:description\" content=\"D\u00e9couvrez sa passion pour le bien-\u00eatre familial et son approche bienveillante pour accompagner les enfants vers un meilleur \u00e9quilibre \u00e9motionnel.\" \/>\n<meta property=\"og:url\" content=\"https:\/\/kinesiologue-bebe-enfant-78.fr\/index.php\/a-propos\/\" \/>\n<meta property=\"og:site_name\" content=\"Aur\u00e9lie H\u00e9rault - Kin\u00e9siologue\" \/>\n<meta property=\"article:modified_time\" content=\"2025-09-25T16:44:23+00:00\" \/>\n<meta name=\"twitter:card\" content=\"summary_large_image\" \/>\n<meta name=\"twitter:label1\" content=\"Est. reading time\" \/>\n\t<meta name=\"twitter:data1\" content=\"3 minutes\" \/>\n<script type=\"application\/ld+json\" class=\"yoast-schema-graph\">{\"@context\":\"https:\/\/schema.org\",\"@graph\":[{\"@type\":\"WebPage\",\"@id\":\"https:\/\/kinesiologue-bebe-enfant-78.fr\/index.php\/a-propos\/\",\"url\":\"https:\/\/kinesiologue-bebe-enfant-78.fr\/index.php\/a-propos\/\",\"name\":\"\u00c0 propos - Aur\u00e9lie H\u00e9rault - Kin\u00e9siologue\",\"isPartOf\":{\"@id\":\"https:\/\/kinesiologue-bebe-enfant-78.fr\/#website\"},\"datePublished\":\"2024-09-09T12:29:56+00:00\",\"dateModified\":\"2025-09-25T16:44:23+00:00\",\"description\":\"D\u00e9couvrez sa passion pour le bien-\u00eatre familial et son approche bienveillante pour accompagner les enfants vers un meilleur \u00e9quilibre \u00e9motionnel.\",\"breadcrumb\":{\"@id\":\"https:\/\/kinesiologue-bebe-enfant-78.fr\/index.php\/a-propos\/#breadcrumb\"},\"inLanguage\":\"en-US\",\"potentialAction\":[{\"@type\":\"ReadAction\",\"target\":[\"https:\/\/kinesiologue-bebe-enfant-78.fr\/index.php\/a-propos\/\"]}]},{\"@type\":\"BreadcrumbList\",\"@id\":\"https:\/\/kinesiologue-bebe-enfant-78.fr\/index.php\/a-propos\/#breadcrumb\",\"itemListElement\":[{\"@type\":\"ListItem\",\"position\":1,\"name\":\"Accueil\",\"item\":\"https:\/\/kinesiologue-bebe-enfant-78.fr\/\"},{\"@type\":\"ListItem\",\"position\":2,\"name\":\"\u00c0 propos\"}]},{\"@type\":\"WebSite\",\"@id\":\"https:\/\/kinesiologue-bebe-enfant-78.fr\/#website\",\"url\":\"https:\/\/kinesiologue-bebe-enfant-78.fr\/\",\"name\":\"Aur\u00e9lie H\u00e9rault - Kin\u00e9siologue\",\"description\":\"Apaiser les temp\u00eates \u00e9motionnelles d\u00e8s l&#039;enfance\",\"potentialAction\":[{\"@type\":\"SearchAction\",\"target\":{\"@type\":\"EntryPoint\",\"urlTemplate\":\"https:\/\/kinesiologue-bebe-enfant-78.fr\/?s={search_term_string}\"},\"query-input\":{\"@type\":\"PropertyValueSpecification\",\"valueRequired\":true,\"valueName\":\"search_term_string\"}}],\"inLanguage\":\"en-US\"}]}<\/script>\n<!-- \/ Yoast SEO plugin. -->","yoast_head_json":{"title":"\u00c0 propos - Aur\u00e9lie H\u00e9rault - Kin\u00e9siologue","description":"D\u00e9couvrez sa passion pour le bien-\u00eatre familial et son approche bienveillante pour accompagner les enfants vers un meilleur \u00e9quilibre \u00e9motionnel.","robots":{"index":"index","follow":"follow","max-snippet":"max-snippet:-1","max-image-preview":"max-image-preview:large","max-video-preview":"max-video-preview:-1"},"canonical":"https:\/\/kinesiologue-bebe-enfant-78.fr\/index.php\/a-propos\/","og_locale":"en_US","og_type":"article","og_title":"\u00c0 propos - Aur\u00e9lie H\u00e9rault - Kin\u00e9siologue","og_description":"D\u00e9couvrez sa passion pour le bien-\u00eatre familial et son approche bienveillante pour accompagner les enfants vers un meilleur \u00e9quilibre \u00e9motionnel.","og_url":"https:\/\/kinesiologue-bebe-enfant-78.fr\/index.php\/a-propos\/","og_site_name":"Aur\u00e9lie H\u00e9rault - Kin\u00e9siologue","article_modified_time":"2025-09-25T16:44:23+00:00","twitter_card":"summary_large_image","twitter_misc":{"Est. reading time":"3 minutes"},"schema":{"@context":"https:\/\/schema.org","@graph":[{"@type":"WebPage","@id":"https:\/\/kinesiologue-bebe-enfant-78.fr\/index.php\/a-propos\/","url":"https:\/\/kinesiologue-bebe-enfant-78.fr\/index.php\/a-propos\/","name":"\u00c0 propos - Aur\u00e9lie H\u00e9rault - Kin\u00e9siologue","isPartOf":{"@id":"https:\/\/kinesiologue-bebe-enfant-78.fr\/#website"},"datePublished":"2024-09-09T12:29:56+00:00","dateModified":"2025-09-25T16:44:23+00:00","description":"D\u00e9couvrez sa passion pour le bien-\u00eatre familial et son approche bienveillante pour accompagner les enfants vers un meilleur \u00e9quilibre \u00e9motionnel.","breadcrumb":{"@id":"https:\/\/kinesiologue-bebe-enfant-78.fr\/index.php\/a-propos\/#breadcrumb"},"inLanguage":"en-US","potentialAction":[{"@type":"ReadAction","target":["https:\/\/kinesiologue-bebe-enfant-78.fr\/index.php\/a-propos\/"]}]},{"@type":"BreadcrumbList","@id":"https:\/\/kinesiologue-bebe-enfant-78.fr\/index.php\/a-propos\/#breadcrumb","itemListElement":[{"@type":"ListItem","position":1,"name":"Accueil","item":"https:\/\/kinesiologue-bebe-enfant-78.fr\/"},{"@type":"ListItem","position":2,"name":"\u00c0 propos"}]},{"@type":"WebSite","@id":"https:\/\/kinesiologue-bebe-enfant-78.fr\/#website","url":"https:\/\/kinesiologue-bebe-enfant-78.fr\/","name":"Aur\u00e9lie H\u00e9rault - Kin\u00e9siologue","description":"Apaiser les temp\u00eates \u00e9motionnelles d\u00e8s l&#039;enfance","potentialAction":[{"@type":"SearchAction","target":{"@type":"EntryPoint","urlTemplate":"https:\/\/kinesiologue-bebe-enfant-78.fr\/?s={search_term_string}"},"query-input":{"@type":"PropertyValueSpecification","valueRequired":true,"valueName":"search_term_string"}}],"inLanguage":"en-US"}]}},"_links":{"self":[{"href":"https:\/\/kinesiologue-bebe-enfant-78.fr\/index.php\/wp-json\/wp\/v2\/pages\/118","targetHints":{"allow":["GET"]}}],"collection":[{"href":"https:\/\/kinesiologue-bebe-enfant-78.fr\/index.php\/wp-json\/wp\/v2\/pages"}],"about":[{"href":"https:\/\/kinesiologue-bebe-enfant-78.fr\/index.php\/wp-json\/wp\/v2\/types\/page"}],"author":[{"embeddable":true,"href":"https:\/\/kinesiologue-bebe-enfant-78.fr\/index.php\/wp-json\/wp\/v2\/users\/1"}],"replies":[{"embeddable":true,"href":"https:\/\/kinesiologue-bebe-enfant-78.fr\/index.php\/wp-json\/wp\/v2\/comments?post=118"}],"version-history":[{"count":17,"href":"https:\/\/kinesiologue-bebe-enfant-78.fr\/index.php\/wp-json\/wp\/v2\/pages\/118\/revisions"}],"predecessor-version":[{"id":632,"href":"https:\/\/kinesiologue-bebe-enfant-78.fr\/index.php\/wp-json\/wp\/v2\/pages\/118\/revisions\/632"}],"wp:attachment":[{"href":"https:\/\/kinesiologue-bebe-enfant-78.fr\/index.php\/wp-json\/wp\/v2\/media?parent=118"}],"curies":[{"name":"wp","href":"https:\/\/api.w.org\/{rel}","templated":true}]}}